What is the hundred thousands digit of 3366108?
3
What is the hundred thousands digit of 328548?
3
What is the thousands digit of 3110036?
0
What is the hundreds digit of 9294100?
1
What is the tens digit of 6179565?
6
What is the hundreds digit of 659488?
4
What is the thousands digit of 317871?
7
What is the millions digit of 1355422?
1
What is the thousands digit of 10215586?
5
What is the units digit of 159390?
0
What is the thousands digit of 4826488?
6
What is the millions digit of 2869417?
2
What is the hundreds digit of 816088?
0
What is the ten thousands digit of 8627320?
2
What is the hundred thousands digit of 11451401?
4
What is the hundred thousands digit of 11405949?
4
What is the ten thousands digit of 231930?
3
What is the ten thousands digit of 1671924?
7
What is the thousands digit of 794270?
4
What is the units digit of 334126?
6
What is the hundreds digit of 1541363?
3
What is the hundred thousands digit of 1237997?
2
What is the hundred thousands digit of 376186?
3
What is the ten millions digit of 10447188?
1
What is the hundred thousands digit of 344908?
3
What is the ten thousands digit of 3591165?
9
What is the hundred thousands digit of 8019388?
0
What is the hundred thousands digit of 11955944?
9
What is the tens digit of 679991?
9
What is the units digit of 597681?
1
What is the ten thousands digit of 289656?
8
What is the hundreds digit of 3168627?
6
What is the ten thousands digit of 2029933?
2
What is the hundreds digit of 18870806?
8
What is the hundreds digit of 16870?
8
What is the thousands digit of 10862244?
2
What is the hundreds digit of 325817?
8
What is the hundred thousands digit of 2234797?
2
What is the units digit of 3897067?
7
What is the hundreds digit of 16241832?
8
What is the units digit of 60647?
7
What is the ten thousands digit of 4410098?
1
What is the ten thousands digit of 76836?
7
What is the units digit of 1846951?
1
What is the hundreds digit of 37916?
9
What is the hundreds digit of 208931?
9
What is the hundred thousands digit of 2305770?
3
What is the hundreds digit of 7799019?
0
What is the hundred thousands digit of 335931?
3
What is the hundred thousands digit of 261437?
2
What is the hundred thousands digit of 132751?
1
What is the units digit of 549810?
0
What is the ten thousands digit of 37152?
3
What is the hundreds digit of 164940?
9
What is the ten thousands digit of 3948545?
4
What is the hundreds digit of 177745?
7
What is the thousands digit of 10701026?
1
What is the millions digit of 2401403?
2
What is the ten thousands digit of 7268183?
6
What is the hundred thousands digit of 306895?
3
What is the ten thousands digit of 699085?
9
What is the millions digit of 26264471?
6
What is the millions digit of 4256894?
4
What is the ten thousands digit of 99213?
9
What is the millions digit of 3181396?
3
What is the thousands digit of 4667230?
7
What is the ten thousands digit of 6479510?
7
What is the ten thousands digit of 809476?
0
What is the hundreds digit of 1367045?
0
What is the ten thousands digit of 3260582?
6
What is the tens digit of 158470?
7
What is the hundreds digit of 2968828?
8
What is the ten thousands digit of 1712288?
1
What is the hundreds digit of 3574497?
4
What is the hundreds digit of 252522?
5
What is the ten thousands digit of 1454323?
5
What is the ten thousands digit of 1674691?
7
What is the hundreds digit of 22001173?
1
What is the tens digit of 5750398?
9
What is the tens digit of 6510645?
4
What is the thousands digit of 2727455?
7
What is the ten thousands digit of 515107?
1
What is the units digit of 4438192?
2
What is the units digit of 355263?
3
What is the hundred thousands digit of 4886080?
8
What is the hundred thousands digit of 144206?
1
What is the tens digit of 28320?
2
What is the thousands digit of 1542141?
2
What is the thousands digit of 19617423?
7
What is the tens digit of 2371580?
8
What is the thousands digit of 11284?
1
What is the tens digit of 3968015?
1
What is the thousands digit of 15436790?
6
What is the hundred thousands digit of 125089?
1
What is the tens digit of 2764466?
6
What is the units digit of 16919?
9
What is the units digit of 1086124?
4
What is the tens digit of 3274520?
2
What is the tens digit of 1942713?
1
What is the hundreds digit of 371661?
6
What is the ten thousands digit of 742458?
4
What is the thousands digit of 94061?
4
What is the hundred thousands digit of 1223933?
2
What is the units digit of 1037559?
9
What is the units digit of 1962398?
8
What is the thousands digit of 1750281?
0
What is the millions digit of 3079697?
3
What is the hundred thousands digit of 1453790?
4
What is the units digit of 1887203?
3
What is the hundreds digit of 2029097?
0
What is the millions digit of 21781648?
1
What is the thousands digit of 360581?
0
What is the hundreds digit of 1328868?
8
What is the millions digit of 1573302?
1
What is the hundred thousands digit of 1064536?
0
What is the ten thousands digit of 75726?
7
What is the hundred thousands digit of 7762770?
7
What is the hundreds digit of 535231?
2
What is the hundred thousands digit of 289560?
2
What is the tens digit of 3690583?
8
What is the hundred thousands digit of 13667111?
6
What is the hundred thousands digit of 1322504?
3
What is the ten thousands digit of 70535?
7
What is the ten thousands digit of 292861?
9
What is the tens digit of 4644771?
7
What is the hundred thousands digit of 426099?
4
What is the hundred thousands digit of 2589338?
5
What is the millions digit of 3523336?
3
What is the hundred thousands digit of 233165?
2
What is the ten thousands digit of 7336236?
3
What is the hundred thousands digit of 16620450?
6
What is the hundreds digit of 9225499?
4
What is the hundreds digit of 414404?
4
What is the units digit of 2748089?
9
What is the ten thousands digit of 1943467?
4
What is the ten thousands digit of 948537?
4
What is the units digit of 882913?
3
What is the hundreds digit of 4013580?
5
What is the ten thousands digit of 20421202?
2
What is the hundreds digit of 214096?
0
What is the hundreds digit of 357854?
8
What is the hundreds digit of 4184609?
6
What is the hundred thousands digit of 5329592?
3
What is the millions digit of 5370673?
5
What is the hundred thousands digit of 3608961?
6
What is the ten millions digit of 20776366?
2
What is the ten thousands digit of 588687?
8
What is the hundred thousands digit of 290243?
2
What is the hundreds digit of 8930704?
7
What is the ten millions digit of 28188042?
2
What is the tens digit of 2824810?
1
What is the hundreds digit of 3639582?
5
What is the tens digit of 118126?
2
What is the ten thousands digit of 10830220?
3
What is the hundred thousands digit of 243968?
2
What is the hundred thousands digit of 8164488?
1
What is the tens digit of 589138?
3
What is the millions digit of 15435922?
5
What is the hundreds digit of 166713?
7
What is the millions digit of 2954565?
2
What is the millions digit of 2203203?
2
What is the hundred thousands digit of 226930?
2
What is the hundreds digit of 72420?
4
What is the tens digit of 4059108?
0
What is the thousands digit of 50863?
0
What is the tens digit of 6764513?
1
What is the hundred thousands digit of 474003?
4
What is the millions digit of 15324526?
5
What is the ten thousands digit of 518405?
1
What is the hundreds digit of 7539215?
2
What is the hundreds digit of 399287?
2
What is the hundred thousands digit of 1129294?
1
What is the hundreds digit of 1851246?
2
What is the units digit of 17431727?
7
What is the hundreds digit of 26513126?
1
What is the hundreds digit of 3545190?
1
What is the ten thousands digit of 129206?
2
What is the hundreds digit of 168499?
4
What is the millions digit of 9560036?
9
What is the hundreds digit of 24849?
8
What is the thousands digit of 760501?
0
What is the hundreds digit of 116642?
6
What is the hundreds digit of 206664?
6
What is the ten thousands digit of 92360?
9
What is the thousands digit of 39545?
9
What is the millions digit of 1167462?
1
What is the units digit of 209124?
4
What is the hundred thousands digit of 642361?
6
What is the hundreds digit of 13492742?
7
What is the hundred thousands digit of 127289?
1
What is the hundreds digit of 2482581?
5
What is the 